{"id":67,"date":"2016-11-22T04:27:04","date_gmt":"2016-11-22T04:27:04","guid":{"rendered":"https:\/\/ninetheme.com\/themes\/minfox\/?page_id=67"},"modified":"2023-09-20T09:34:04","modified_gmt":"2023-09-20T06:34:04","slug":"67-2","status":"publish","type":"page","link":"https:\/\/cemsu.net\/","title":{"rendered":"Cem Su"},"content":{"rendered":"<section class=\"wpb-content-wrapper\"><p>[vc_row][vc_column]<!-- Section Minfox --><section id=\"ustbanner\" class=\"minfox-bg vc_custom_1695191645633\"><div class=\"overlay\"><\/div><div class=\"cta text-center\"><span><img decoding=\"async\" src=\"https:\/\/cemsu.net\/wp-content\/uploads\/2023\/09\/tanker-su.png\" alt=\"logo\" \/><\/span><span class=\"minfox wow fadeInUp\" data-wow-delay=\".2s\">CemSu<\/span><h2 class=\"wow fadeInUp\" data-wow-delay=\".4s\">Tanker Su ve Tankerle Su Ta\u015f\u0131ma<\/h2><a href=\"tel:905349861366\" class=\"btn btn-default wow \" data-wow-delay=\".6s\">Ara<\/a><a href=\"#iletisim\" class=\"btn btn-secondary wow \" data-wow-delay=\".8s\">Teklif Al<\/a><\/div><!-- Particles --><div class=\"wheel-wrap\"><span class=\"mousewheel\"><\/span><\/div><div id=\"particles-js\"><\/div><!-- Particles end --><\/section><!-- Section Minfox end -->[\/vc_column][\/vc_row][vc_row][vc_column]<!-- Section About --><section id=\"hakkimizda\" class=\"intro bg-about\"><div class=\"container\"><div class=\"row\"><div class=\"section-minfox text-center\"><p class=\"wow fadeInUp\" data-wow-delay=\".2s\">Cem Su<\/p><h2 class=\"wow fadeInUp\" data-wow-delay=\".4s\">Hizmetinizde<\/h2><\/div><!-- Text --><div class=\"about text-center wow fadeInUp\" data-wow-delay=\".6s\"><p>CemSu olarak 12 y\u0131ld\u0131r tankerle su ta\u015f\u0131ma, yol y\u0131kama\/sulama, depo dolumu ve \u00e7e\u015fitli hizmetlerle de\u011ferli m\u00fc\u015fterilerimize hizmet sunmaktay\u0131z. M\u00fc\u015fterilerimizin g\u00fcvenini bo\u015fa \u00e7\u0131karmamak i\u00e7in her g\u00fcn elimizden gelenin en iyisini yapmak ve hizmetimizi geli\u015ftirmek i\u00e7in \u00e7abal\u0131yoruz.\n5, 10 ve 20 tonluk ara\u00e7lar\u0131m\u0131zla \u0130stanbul Avrupa yakas\u0131nda her daim hizmetinizdeyiz.<\/p><\/div><!-- Image --><div class=\"text-center wow fadeInUp\" data-wow-delay=\".4s\"><img decoding=\"async\" src=\"https:\/\/cemsu.net\/wp-content\/uploads\/2023\/09\/tasnker-su-tasima.jpg\" alt=\"intro\" \/><\/div>\t<\/div><\/div><\/section><!-- Section About end -->[\/vc_column][\/vc_row][vc_row][vc_column]<!-- Section Features --><section id=\"hizmetlerimiz\" class=\"features gray\"><div class=\"section-header\"><h2 class=\"wow fadeInUp\" data-wow-delay=\".2s\">Hizmetlerimiz<\/h2><span class=\"wow fadeInUp\" data-wow-delay=\".4s\">Tanker su ve Tankerler Su Ta\u015f\u0131ma Yan\u0131 S\u0131ra Di\u011fer Hizmetlerimiz<\/span><\/div><div class=\"container\"><div class=\"row\"><div class=\"col-md-4 col-sm-6 col-xs-12 item text-center wow fadeInUp\" data-wow-delay=\"0.2s\"><div class=\"icon-wrap\"><img loading=\"lazy\" decoding=\"async\" width=\"105\" height=\"108\" src=\"https:\/\/cemsu.net\/wp-content\/uploads\/2023\/09\/yol-yikama.png\" class=\"attachment-full size-full\" alt=\"\" \/><\/div><div class=\"description\"><h3>Yol Y\u0131kama<\/h3><p>\u0130n\u015faat ve altyap\u0131 \u00e7al\u0131\u015fmalar\u0131n\u0131n oldu\u011fu b\u00f6lgelerde olu\u015fan kirlilik ve toz t\u00fcm insanlar\u0131n sa\u011fl\u0131\u011f\u0131n\u0131 tehdit etmektedir. Su tankerlerimiz ile yollar\u0131n\u0131z\u0131 y\u0131kay\u0131p tozlardan ve kirlilikten ar\u0131nd\u0131rabiliriz.<\/p><\/div><\/div><div class=\"col-md-4 col-sm-6 col-xs-12 item text-center wow fadeInUp\" data-wow-delay=\"0.4s\"><div class=\"icon-wrap\"><img loading=\"lazy\" decoding=\"async\" width=\"105\" height=\"108\" src=\"https:\/\/cemsu.net\/wp-content\/uploads\/2023\/09\/havuz-dolum.png\" class=\"attachment-full size-full\" alt=\"\" \/><\/div><div class=\"description\"><h3>Havuz Dolumu<\/h3><p>Havuzunuza koydu\u011funuz suda patojenler ve kimyasallar bulunuyorsa sa\u011fl\u0131\u011f\u0131n\u0131z b\u00fcy\u00fck risk alt\u0131ndad\u0131r. CemSu yaln\u0131zca en g\u00fcvenilir ve kalitesi tescilli su kaynaklar\u0131n\u0131 kullan\u0131r ve havuzunuz daha dolmadan sizi korumaya ba\u015flar.<\/p><\/div><\/div><div class=\"col-md-4 col-sm-6 col-xs-12 item text-center wow fadeInUp\" data-wow-delay=\"0.6s\"><div class=\"icon-wrap\"><img loading=\"lazy\" decoding=\"async\" width=\"105\" height=\"108\" src=\"https:\/\/cemsu.net\/wp-content\/uploads\/2023\/09\/yangin-deposu-dolum.png\" class=\"attachment-full size-full\" alt=\"\" \/><\/div><div class=\"description\"><h3>Yang\u0131n Deposu Dolum<\/h3><p>G\u00fcvenlik i\u00e7in l\u00fctfen yang\u0131n depolar\u0131n\u0131z\u0131n her daim dolu oldu\u011fundan emin olunuz.\nCemSu olarak \u0130stanbul Avrupa yakas\u0131nda 7\/24 yang\u0131n deposu dolum hizmeti vermekteyiz. Her t\u00fcrl\u00fc ihtiyac\u0131n\u0131zda bir telefon uza\u011f\u0131n\u0131zday\u0131z.<\/p><\/div><\/div><div class=\"col-md-4 col-sm-6 col-xs-12 item text-center wow fadeInUp\" data-wow-delay=\"0.8s\"><div class=\"icon-wrap\"><img loading=\"lazy\" decoding=\"async\" width=\"105\" height=\"108\" src=\"https:\/\/cemsu.net\/wp-content\/uploads\/2023\/09\/hali-yikama.png\" class=\"attachment-full size-full\" alt=\"\" \/><\/div><div class=\"description\"><h3>Hal\u0131 Y\u0131kama<\/h3><p>Hal\u0131 y\u0131kama i\u00e7in en elceri\u015fli d\u00fc\u015f\u00fck pH de\u011ferine sahip berrak ve temiz sular\u0131m\u0131zla hizmetinizdeyiz. En g\u00fcvenilir ve d\u00fczenli \u00f6l\u00e7\u00fcm yap\u0131lan kuyulardan ald\u0131\u011f\u0131m\u0131z sular\u0131 farkl\u0131 kapasitelerde ara\u00e7lar\u0131m\u0131zla size h\u0131zl\u0131ca ula\u015ft\u0131r\u0131yoruz.<\/p><\/div><\/div><div class=\"col-md-4 col-sm-6 col-xs-12 item text-center wow fadeInUp\" data-wow-delay=\"1s\"><div class=\"icon-wrap\"><img loading=\"lazy\" decoding=\"async\" width=\"105\" height=\"108\" src=\"https:\/\/cemsu.net\/wp-content\/uploads\/2023\/09\/cim-sulama.png\" class=\"attachment-full size-full\" alt=\"\" \/><\/div><div class=\"description\"><h3>\u00c7im ve Bah\u00e7e Sulama<\/h3><p>Sular\u0131m\u0131z bitkilerinizin ihtiya\u00e7 duydu\u011fu mineral ve oksijen oran\u0131na sahip do\u011fal sulard\u0131r. Bitkilerinizi sararma ve solmalardan korumak ve beslemek i\u00e7in CemSu kalitesine ve tecr\u00fcbesine g\u00fcvenebilirsiniz.<\/p><\/div><\/div><div class=\"col-md-4 col-sm-6 col-xs-12 item text-center wow fadeInUp\" data-wow-delay=\"1.2s\"><div class=\"icon-wrap\"><img loading=\"lazy\" decoding=\"async\" width=\"105\" height=\"108\" src=\"https:\/\/cemsu.net\/wp-content\/uploads\/2023\/09\/beton-sulama.png\" class=\"attachment-full size-full\" alt=\"\" \/><\/div><div class=\"description\"><h3>Beton Sulama ve \u0130n\u015faat<\/h3><p>5, 10 ve 20 Tonluk ara\u00e7lar\u0131m\u0131zla in\u015faatlara ve sanayilere gerekli su hizmetini h\u0131zl\u0131 ve etkili \u015fekilde ula\u015ft\u0131rmaktay\u0131z. H\u0131zl\u0131 bir \u015fekilde gelip ihtiya\u00e7lar\u0131n\u0131z\u0131 gideriyor, tecr\u00fcbeli \u00e7al\u0131\u015fanlar\u0131m\u0131zla i\u015finizi kolayla\u015ft\u0131r\u0131yoruz.<\/p><\/div><\/div><\/div><\/div><\/section><!-- Section Features end -->[\/vc_column][\/vc_row][vc_row][vc_column]<!-- Section gallery --><section id=\"resimler\" class=\"gallery with-bg vc_custom_1695136366892\"><div class=\"section-header\"><h2 class=\"wow \" data-wow-delay=\".2s\">Baz\u0131 Resimler<\/h2><span class=\"wow \" data-wow-delay=\".4s\">Yapt\u0131\u011f\u0131m\u0131z \u0130\u015flerden Baz\u0131 G\u00f6rseller<\/span><\/div><div class=\"section-content container\"><!-- Carousel --><div class=\"gallery-slide\"><div class=\"item\"><img decoding=\"async\" src=\"https:\/\/cemsu.net\/wp-content\/uploads\/2023\/09\/tasnker-su-tasima.jpg\" alt=\"gallery\" \/><\/div><div class=\"item\"><img decoding=\"async\" src=\"https:\/\/cemsu.net\/wp-content\/uploads\/2023\/09\/tasnker-su-hizmeti.jpg\" alt=\"gallery\" \/><\/div><div class=\"item\"><img decoding=\"async\" src=\"https:\/\/cemsu.net\/wp-content\/uploads\/2023\/09\/tasnkerle-su-tasima.jpg\" alt=\"gallery\" \/><\/div><div class=\"item\"><img decoding=\"async\" src=\"https:\/\/cemsu.net\/wp-content\/uploads\/2023\/09\/tanker-su.jpg\" alt=\"gallery\" \/><\/div><\/div><!-- Carousel end --><div id=\"gallery-dots\"><\/div><\/div><div class=\"overlay\"><\/div><\/section><!-- Section gallery end -->[\/vc_column][\/vc_row][vc_row disable_element=&#8221;yes&#8221;][vc_column]<!-- Section Team --><section id=\"team\" class=\"gray\"><div class=\"section-header\"><h2 class=\"wow \" data-wow-delay=\".2s\">Developers<\/h2><span class=\"wow \" data-wow-delay=\".4s\">Meet the Minfox Template Developers<\/span><\/div><div class=\"container\"><div class=\"row team\">\t<\/div><\/div><\/section><!-- Section Team end -->[\/vc_column][\/vc_row][vc_row disable_element=&#8221;yes&#8221;][vc_column]<!-- Section Price --><section id=\"pricing\" class=\"pricing\"><div class=\"section-header\"><h2 class=\"wow fadeInUp\" data-wow-delay=\".2s\">Pricing<\/h2><span class=\"wow fadeInUp\" data-wow-delay=\".4s\">We are recommending good price for you<\/span><\/div><div class=\"container\"><div class=\"row\">\t<\/div><\/div><\/section><!-- Section Price end -->[\/vc_column][\/vc_row][vc_row disable_element=&#8221;yes&#8221;][vc_column]<!-- Section Testimonials --><section id=\"testi\" class=\"testimonials gray\"><div class=\"section-header\"><h2 class=\"wow fadeInUp\" data-wow-delay=\".2s\">Testimonials<\/h2><span class=\"wow fadeInUp\" data-wow-delay=\".4s\">Checkout Our Customers Testimonials<\/span><\/div><div class=\"container\"><!-- Carousel --><div class=\"testimonial-slide\"><div class=\"item wow fadeInUp\" data-wow-delay=\".2s\"><p>Beautiful design, straight - forward code, and a very flexible template. Now I can easely build my own product landing page. Thanks  <\/p><div class=\"user\"><div class=\"thumb\"><img decoding=\"async\" class=\"img-circle\" src=\"\" alt=\"testimonial\" \/><\/div><div class=\"info clearfix\"><h3>John Doe<\/h3><span>Creative Designer<\/span><\/div><\/div><\/div><div class=\"item wow fadeInUp\" data-wow-delay=\".2s\"><p>Beautiful design, straight - forward code, and a very flexible template. Now I can easely build my own product landing page. Thanks  <\/p><div class=\"user\"><div class=\"thumb\"><img decoding=\"async\" class=\"img-circle\" src=\"\" alt=\"testimonial\" \/><\/div><div class=\"info clearfix\"><h3>Thomas Walker<\/h3><span>Creative Designer<\/span><\/div><\/div><\/div><\/div><!-- Carousel end --><\/div><\/section><!-- Section Testimonials end -->[\/vc_column][\/vc_row][vc_row disable_element=&#8221;yes&#8221;][vc_column]<!-- Section Blog --><section id=\"news\" class=\"blog\"><div class=\"section-header\"><h2 class=\"wow fadeInUp\" data-wow-delay=\".2s\">Our Blog<\/h2><span class=\"wow fadeInUp\" data-wow-delay=\".4s\">Fresh News from Minfox Template<\/span><\/div><div class=\"container\"><div class=\"row\"><\/div><\/div><\/section><!-- Section Blog end -->[\/vc_column][\/vc_row][vc_row disable_element=&#8221;yes&#8221;][vc_column]<!-- Section Call to Action --><section id=\"cta\" class=\"cta-footer with-bg\"><div class=\"section-content container\"><h2 class=\"wow fadeInUp\" data-wow-delay=\".2s\">Get Started<\/h2><p class=\"wow fadeInUp\" data-wow-delay=\".4s\">Minfox Responsive Landing Page<\/p><div class=\"buttons wow fadeInUp\" data-wow-delay=\".4s\"><a href=\"#0\" class=\"btn-cta\">Live demo<\/a><a href=\"#0\" class=\"btn-cta\">Purchase<\/a><\/div><\/div><\/section><!-- Section Call to Action end -->[\/vc_column][\/vc_row][vc_row content_placement=&#8221;middle&#8221;][vc_column]<!-- Section Contact --><section id=\"iletisim\" class=\"contact\"><div class=\"section-header\"><h2 class=\"wow \" data-wow-delay=\".2s\">\u0130leti\u015fim Formu<\/h2><span class=\"wow \" data-wow-delay=\".4s\">Fiyat Talep Edin<\/span><\/div><div class=\"container contact-container\"><p class=\"contact-extra wow \" data-wow-delay=\".6s\">Hizmetlerimizden hangisi ile ilgilendi\u011finizi ve b\u00f6lge hakk\u0131nda detayl\u0131 bilgisi ileti\u015fim formu arac\u0131l\u0131\u011f\u0131 ile bize ileterek fiyat talep edebilirsiniz. L\u00fctfen form doldururken ileti\u015fim bilginizi unutmay\u0131n\u0131z.<\/p><!-- Contact Form -->\n<div class=\"wpcf7 no-js\" id=\"wpcf7-f272-o1\" lang=\"tr-TR\" dir=\"ltr\">\n<div class=\"screen-reader-response\"><p role=\"status\" aria-live=\"polite\" aria-atomic=\"true\"><\/p> <ul><\/ul><\/div>\n<form action=\"\/index.php\/wp-json\/wp\/v2\/pages\/67#wpcf7-f272-o1\" method=\"post\" class=\"wpcf7-form init\" aria-label=\"Contact form\" novalidate=\"novalidate\" data-status=\"init\">\n<div style=\"display: none;\">\n<input type=\"hidden\" name=\"_wpcf7\" value=\"272\" \/>\n<input type=\"hidden\" name=\"_wpcf7_version\" value=\"5.8\" \/>\n<input type=\"hidden\" name=\"_wpcf7_locale\" value=\"tr_TR\" \/>\n<input type=\"hidden\" name=\"_wpcf7_unit_tag\" value=\"wpcf7-f272-o1\" \/>\n<input type=\"hidden\" name=\"_wpcf7_container_post\" value=\"0\" \/>\n<input type=\"hidden\" name=\"_wpcf7_posted_data_hash\" value=\"\" \/>\n<\/div>\n<p><label> \u0130sminiz<br \/>\n<span class=\"wpcf7-form-control-wrap\" data-name=\"your-name\"><input size=\"40\" class=\"wpcf7-form-control wpcf7-text wpcf7-validates-as-required\" autocomplete=\"name\" aria-required=\"true\" aria-invalid=\"false\" value=\"\" type=\"text\" name=\"your-name\" \/><\/span> <\/label>\n<\/p>\n<p><label> Telefon Numaran\u0131z<br \/>\n<span class=\"wpcf7-form-control-wrap\" data-name=\"tel-643\"><input size=\"40\" class=\"wpcf7-form-control wpcf7-tel wpcf7-validates-as-required wpcf7-text wpcf7-validates-as-tel\" aria-required=\"true\" aria-invalid=\"false\" value=\"\" type=\"tel\" name=\"tel-643\" \/><\/span> <\/label>\n<\/p>\n<p><label> Mail Adresiniz<br \/>\n<span class=\"wpcf7-form-control-wrap\" data-name=\"your-email\"><input size=\"40\" class=\"wpcf7-form-control wpcf7-email wpcf7-text wpcf7-validates-as-email\" autocomplete=\"email\" aria-invalid=\"false\" value=\"\" type=\"email\" name=\"your-email\" \/><\/span> <\/label>\n<\/p>\n<p><label> Konu<br \/>\n<span class=\"wpcf7-form-control-wrap\" data-name=\"your-subject\"><input size=\"40\" class=\"wpcf7-form-control wpcf7-text wpcf7-validates-as-required\" aria-required=\"true\" aria-invalid=\"false\" value=\"\" type=\"text\" name=\"your-subject\" \/><\/span> <\/label>\n<\/p>\n<p><label> Mesaj\u0131n\u0131z<br \/>\n<span class=\"wpcf7-form-control-wrap\" data-name=\"your-message\"><textarea cols=\"40\" rows=\"10\" class=\"wpcf7-form-control wpcf7-textarea\" aria-invalid=\"false\" name=\"your-message\"><\/textarea><\/span> <\/label>\n<\/p>\n<p><input class=\"wpcf7-form-control wpcf7-submit has-spinner\" type=\"submit\" value=\"G\u00f6nder\" \/>\n<\/p><div class=\"wpcf7-response-output\" aria-hidden=\"true\"><\/div>\n<\/form>\n<\/div>\n<!-- Contact Form end --><\/div><\/section><!-- Section Contact end -->[\/vc_column][\/vc_row][vc_row][vc_column]<!-- Section Subscribe --><section id=\"harita\" class=\"subscribe-half-right subscribe with-bg\"><div class=\"section-content container\"><div class=\"row\"><div class=\"col-md-4 col-sm-12 col-xs-12\"><h2 class=\"wow fadeInUp\" data-wow-delay=\".2s\">Konum Haritas\u0131<\/h2><p class=\"wow fadeInUp\" data-wow-delay=\".4s\">Yol Tarifi Al\u0131n<\/p><\/div><div class=\"col-md-8 col-sm-12 col-xs-12\"><iframe loading=\"lazy\" style=\"border: 0;\" src=\"https:\/\/www.google.com\/maps\/embed?pb=!1m18!1m12!1m3!1d192586.75084376216!2d28.70802750793927!3d41.04345546541923!2m3!1f0!2f0!3f0!3m2!1i1024!2i768!4f13.1!3m3!1m2!1s0x14caa58ac6137389%3A0xbf68193907283f2e!2sCEMSU%20KAMYON%20SU%20KULLANMA%20SUYU!5e0!3m2!1str!2str!4v1694974178060!5m2!1str!2str\" width=\"100%\" height=\"100%\" allowfullscreen=\"allowfullscreen\"><\/iframe><\/div><\/div><\/div><\/section><!-- Section Subscribe end -->[\/vc_column][\/vc_row]<\/p>\n<\/section>","protected":false},"excerpt":{"rendered":"<p>[vc_row][vc_column][\/vc_column][\/vc_row][vc_row][vc_column][\/vc_column][\/vc_row][vc_row][vc_column][\/vc_column][\/vc_row][vc_row][vc_column][\/vc_column][\/vc_row][vc_row disable_element=&#8221;yes&#8221;][vc_column][\/vc_column][\/vc_row][vc_row disable_element=&#8221;yes&#8221;][vc_column][\/vc_column][\/vc_row][vc_row disable_element=&#8221;yes&#8221;][vc_column][\/vc_column][\/vc_row][vc_row disable_element=&#8221;yes&#8221;][vc_column][\/vc_column][\/vc_row][vc_row disable_element=&#8221;yes&#8221;][vc_column][\/vc_column][\/vc_row][vc_row content_placement=&#8221;middle&#8221;][vc_column][\/vc_column][\/vc_row][vc_row][vc_column][\/vc_column][\/vc_row]<\/p>\n","protected":false},"author":1,"featured_media":0,"parent":0,"menu_order":0,"comment_status":"closed","ping_status":"closed","template":"one-page-template.php","meta":{"footnotes":""},"class_list":["post-67","page","type-page","status-publish","hentry",""],"_links":{"self":[{"href":"https:\/\/cemsu.net\/index.php\/wp-json\/wp\/v2\/pages\/67","targetHints":{"allow":["GET"]}}],"collection":[{"href":"https:\/\/cemsu.net\/index.php\/wp-json\/wp\/v2\/pages"}],"about":[{"href":"https:\/\/cemsu.net\/index.php\/wp-json\/wp\/v2\/types\/page"}],"author":[{"embeddable":true,"href":"https:\/\/cemsu.net\/index.php\/wp-json\/wp\/v2\/users\/1"}],"replies":[{"embeddable":true,"href":"https:\/\/cemsu.net\/index.php\/wp-json\/wp\/v2\/comments?post=67"}],"version-history":[{"count":72,"href":"https:\/\/cemsu.net\/index.php\/wp-json\/wp\/v2\/pages\/67\/revisions"}],"predecessor-version":[{"id":422,"href":"https:\/\/cemsu.net\/index.php\/wp-json\/wp\/v2\/pages\/67\/revisions\/422"}],"wp:attachment":[{"href":"https:\/\/cemsu.net\/index.php\/wp-json\/wp\/v2\/media?parent=67"}],"curies":[{"name":"wp","href":"https:\/\/api.w.org\/{rel}","templated":true}]}}